[INFO] fetching crate pmc-rs 0.2.1...
[INFO] checking pmc-rs-0.2.1 against master#9610dfe5a9a731ced1ea4923ecbd0c57fe367898 for beta-170-4
[INFO] extracting crate pmc-rs 0.2.1 into /workspace/builds/worker-7-tc1/source
[INFO] validating manifest of crates.io crate pmc-rs 0.2.1 on toolchain 9610dfe5a9a731ced1ea4923ecbd0c57fe367898
[INFO] running `Command { std: CARGO_HOME="/workspace/cargo-home" RUSTUP_HOME="/workspace/rustup-home" "/workspace/cargo-home/bin/cargo" "+9610dfe5a9a731ced1ea4923ecbd0c57fe367898" "metadata" "--manifest-path" "Cargo.toml" "--no-deps", kill_on_drop: false }`
[INFO] started tweaking crates.io crate pmc-rs 0.2.1
[INFO] finished tweaking crates.io crate pmc-rs 0.2.1
[INFO] tweaked toml for crates.io crate pmc-rs 0.2.1 written to /workspace/builds/worker-7-tc1/source/Cargo.toml
[INFO] crate crates.io crate pmc-rs 0.2.1 already has a lockfile, it will not be regenerated
[INFO] running `Command { std: CARGO_HOME="/workspace/cargo-home" RUSTUP_HOME="/workspace/rustup-home" "/workspace/cargo-home/bin/cargo" "+9610dfe5a9a731ced1ea4923ecbd0c57fe367898" "fetch" "--manifest-path" "Cargo.toml", kill_on_drop: false }`
[INFO] [stderr]     Updating crates.io index
[INFO] [stderr]  Downloading crates ...
[INFO] [stderr]   Downloaded pmc-sys v0.1.2
[INFO] running `Command { std: "docker" "create" "-v" "/var/lib/crater-agent-workspace/builds/worker-7-tc1/target:/opt/rustwide/target:rw,Z" "-v" "/var/lib/crater-agent-workspace/builds/worker-7-tc1/source:/opt/rustwide/workdir:ro,Z" "-v" "/var/lib/crater-agent-workspace/cargo-home:/opt/rustwide/cargo-home:ro,Z" "-v" "/var/lib/crater-agent-workspace/rustup-home:/opt/rustwide/rustup-home:ro,Z" "-e" "SOURCE_DIR=/opt/rustwide/workdir" "-e" "CARGO_TARGET_DIR=/opt/rustwide/target" "-e" "CARGO_HOME=/opt/rustwide/cargo-home" "-e" "RUSTUP_HOME=/opt/rustwide/rustup-home" "-w" "/opt/rustwide/workdir" "-m" "1610612736" "--user" "0:0" "--network" "none" "ghcr.io/rust-lang/crates-build-env/linux@sha256:19e73879b68f455e41552ea35293514db52ea292d993f571636dbffedb77a1ee" "/opt/rustwide/cargo-home/bin/cargo" "+9610dfe5a9a731ced1ea4923ecbd0c57fe367898" "metadata" "--no-deps" "--format-version=1", kill_on_drop: false }`
[INFO] [stdout] e65b3c170a8673a69281f3a22935be0974c9dadfdb9368bb07fd08452d13eb6f
[INFO] running `Command { std: "docker" "start" "-a" "e65b3c170a8673a69281f3a22935be0974c9dadfdb9368bb07fd08452d13eb6f", kill_on_drop: false }`
[INFO] running `Command { std: "docker" "inspect" "e65b3c170a8673a69281f3a22935be0974c9dadfdb9368bb07fd08452d13eb6f", kill_on_drop: false }`
[INFO] running `Command { std: "docker" "rm" "-f" "e65b3c170a8673a69281f3a22935be0974c9dadfdb9368bb07fd08452d13eb6f", kill_on_drop: false }`
[INFO] [stdout] e65b3c170a8673a69281f3a22935be0974c9dadfdb9368bb07fd08452d13eb6f
[INFO] running `Command { std: "docker" "create" "-v" "/var/lib/crater-agent-workspace/builds/worker-7-tc1/target:/opt/rustwide/target:rw,Z" "-v" "/var/lib/crater-agent-workspace/builds/worker-7-tc1/source:/opt/rustwide/workdir:ro,Z" "-v" "/var/lib/crater-agent-workspace/cargo-home:/opt/rustwide/cargo-home:ro,Z" "-v" "/var/lib/crater-agent-workspace/rustup-home:/opt/rustwide/rustup-home:ro,Z" "-e" "SOURCE_DIR=/opt/rustwide/workdir" "-e" "CARGO_TARGET_DIR=/opt/rustwide/target" "-e" "CARGO_INCREMENTAL=0" "-e" "RUST_BACKTRACE=full" "-e" "RUSTFLAGS=--cap-lints=forbid" "-e" "RUSTDOCFLAGS=--cap-lints=forbid" "-e" "CARGO_HOME=/opt/rustwide/cargo-home" "-e" "RUSTUP_HOME=/opt/rustwide/rustup-home" "-w" "/opt/rustwide/workdir" "-m" "1610612736" "--user" "0:0" "--network" "none" "ghcr.io/rust-lang/crates-build-env/linux@sha256:19e73879b68f455e41552ea35293514db52ea292d993f571636dbffedb77a1ee" "/opt/rustwide/cargo-home/bin/cargo" "+9610dfe5a9a731ced1ea4923ecbd0c57fe367898" "check" "--frozen" "--all" "--all-targets" "--message-format=json", kill_on_drop: false }`
[INFO] [stdout] ea32d7bb34b5ee76fc70ed4c796e5b5f5072625cdf217fb3e069cebb8d785196
[INFO] running `Command { std: "docker" "start" "-a" "ea32d7bb34b5ee76fc70ed4c796e5b5f5072625cdf217fb3e069cebb8d785196", kill_on_drop: false }`
[INFO] [stderr]    Compiling libc v0.2.97
[INFO] [stderr]     Checking pmc-rs v0.2.1 (/opt/rustwide/workdir)
[INFO] [stdout] error[E0531]: cannot find unit struct, unit variant or constant `EPROGMISMATCH` in crate `libc`
[INFO] [stdout]    --> src/counter.rs:358:28
[INFO] [stdout]     |
[INFO] [stdout] 358 |                 Some(libc::EPROGMISMATCH) => Err(new_os_error(ErrorKind::VersionMismatch)),
[INFO] [stdout]     |                            ^^^^^^^^^^^^^ not found in `libc`
[INFO] [stdout] 
[INFO] [stdout] 
[INFO] [stdout] error[E0425]: cannot find value `SIGINFO` in crate `libc`
[INFO] [stdout]    --> src/signal.rs:75:25
[INFO] [stdout]     |
[INFO] [stdout] 75  |             raise(libc::SIGINFO);
[INFO] [stdout]     |                         ^^^^^^^ help: a constant with a similar name exists: `SIGINT`
[INFO] [stdout]     |
[INFO] [stdout]    ::: /opt/rustwide/cargo-home/registry/src/index.crates.io-6f17d22bba15001f/libc-0.2.97/src/unix/linux_like/mod.rs:533:1
[INFO] [stdout]     |
[INFO] [stdout] 533 | pub const SIGINT: ::c_int = 2;
[INFO] [stdout]     | ------------------------- similarly named constant `SIGINT` defined here
[INFO] [stdout] 
[INFO] [stdout] 
[INFO] [stdout] error[E0531]: cannot find unit struct, unit variant or constant `EPROGMISMATCH` in crate `libc`
[INFO] [stdout]    --> src/counter.rs:358:28
[INFO] [stdout]     |
[INFO] [stdout] 358 |                 Some(libc::EPROGMISMATCH) => Err(new_os_error(ErrorKind::VersionMismatch)),
[INFO] [stdout]     |                            ^^^^^^^^^^^^^ not found in `libc`
[INFO] [stdout] 
[INFO] [stdout] 
[INFO] [stdout] error: aborting due to previous error
[INFO] [stdout] 
[INFO] [stdout] 
[INFO] [stdout] For more information about this error, try `rustc --explain E0531`.
[INFO] [stdout] 
[INFO] [stderr] error: could not compile `pmc-rs` (lib) due to 2 previous errors
[INFO] [stderr] warning: build failed, waiting for other jobs to finish...
[INFO] [stdout] error: aborting due to 2 previous errors
[INFO] [stdout] 
[INFO] [stdout] 
[INFO] [stdout] Some errors have detailed explanations: E0425, E0531.
[INFO] [stdout] 
[INFO] [stdout] For more information about an error, try `rustc --explain E0425`.
[INFO] [stdout] 
[INFO] [stderr] error: could not compile `pmc-rs` (lib test) due to 3 previous errors
[INFO] running `Command { std: "docker" "inspect" "ea32d7bb34b5ee76fc70ed4c796e5b5f5072625cdf217fb3e069cebb8d785196", kill_on_drop: false }`
[INFO] running `Command { std: "docker" "rm" "-f" "ea32d7bb34b5ee76fc70ed4c796e5b5f5072625cdf217fb3e069cebb8d785196", kill_on_drop: false }`
[INFO] [stdout] ea32d7bb34b5ee76fc70ed4c796e5b5f5072625cdf217fb3e069cebb8d785196
